(-6 - 2))).
1
What is the value of 21 - ((-2 - -2) + (-10 - -19)) - 11?
1
-22 - (-14 - 15) - -19
26
What is (30 - (4 - -12)) + -5?
9
Calculate -6 + (0 - -1) - (584 + -579).
-10
Evaluate 16 - 15 - (-1 + 3).
-1
Calculate 0 + 30 - (-1 - -9).
22
Evaluate -28 + (30 - (20 + 11)).
-29
Calculate 23 + -4 - (10 - (-10 - (-7 + -4))).
10
-10 + 0 + 33 + 11 + -37 + -10
-13
Evaluate 56 + -30 + -10 - (-3 - 1).
20
What is the value of (0 - 5) + -9 + -1 + 8 - 16?
-23
Evaluate -5 + 3 + 7 + 12 + (4 - 8).
13
15 - (34 - 30 - -25)
-14
What is (4 - 40) + (-52 - -75)?
-13
Evaluate 9 + (-7 - -11) + (2 - -1) + -9.
7
Calculate (0 - -6) + (-11 - -9) + (6 - 6).
4
Calculate 8 + -15 - -2 - (-4 - (-7 - -1)).
-7
0 + 20 - (290 + -309 + (0 - -23))
16
Calculate -9 + (98 - 68 - (-18 - 1)).
40
What is the value of -5 + (-1 - -3) + 1 + 198 + -214?
-18
What is 13 + (0 - (0 + 0)) + -1?
12
-1 + 26 - 11 - (-1 + 0 - -6)
9
Evaluate -7 - ((1 - 9) + -60 + 49).
12
Evaluate (-37 - (-1 + 6)) + (8 + -7 - -5).
-36
Evaluate -188 + 192 + -3 + 0.
1
Calculate -2 + (1 - (-1 - 0 - (98 - 75))).
23
Evaluate (149 - 115) + (-10 - 1).
23
(0 - 5 - 4 - -22) + 3 + -3
13
Evaluate -27 + 27 + -7 - (2 + 1).
-10
What is 15 + (-1 - 18) + -8?
-12
(4 - 3) + (6 - 5) + 6 - 0
8
(-116 - -90) + (2 - -12)
-12
(16 - 41) + -37 + 55
-7
0 - (5 - 0 - 4) - (1 + 20)
-22
What is 3 - (2 - 1) - (-410 - -412)?
0
Calculate -8 + (-13 + 1 - -11) + (4 - -11).
6
Evaluate (-9 - -14) + (1 + 2 + -3 - 5).
0
Calculate (-6 - (1 + -7)) + -5 + 16.
11
What is (2 + 21 - 12) + -1 + -4?
6
What is (71 - 65) + (0 - (-14 + -4) - 2)?
22
What is the value of (9 - 7 - 4) + -16 + 29?
11
-21 + (-3 - (6 + -7 + -12))
-11
What is the value of -13 - (-14 + 0 + -18 + 27)?
-8
Calculate 32 + (-15 - (24 - 31)).
24
Calculate -1 + 30 + (-119 - -107).
17
Calculate 14 - ((-3 - -10) + -3) - (192 - 200).
18
Evaluate -27 - (-13 - -1) - -10.
-5
Evaluate (-3 - 5) + 4 + (-83 - -76).
-11
Calculate -52 - -62 - (4 + 14).
-8
What is 1 - -6 - (-2 - (-13 + 15))?
11
-20 + 162 + -149 + 0 + -1
-8
What is -18 - -5 - (43 - 58)?
2
Calculate 3 + (-1 - (-4 + 12)).
-6
5 - (5 + -7) - (0 + -1 + -3)
11
What is the value of 3 + -3 - 5 - (-60 + 60)?
-5
Calculate -9 + 11 + -6 + 1 + (0 - -5).
2
What is 0 + -2 - (41 + -42) - (-30 + 15)?
14
Calculate (0 - (-1 + 12)) + 18.
7
Calculate 1 - (-1 + -9 - (-11 - (4 - 10))).
6
What is 160 + -153 - (2 + -1 - 2)?
8
Calculate (-20 - -9) + (0 + -3 - (-9 + 6)).
-11
What is the value of (-117 - -115) + 1 + -8 + 14 - 3?
2
-5 - -26 - 19 - -3
5
What is (-2 - -5 - (-3 - -6) - 3) + 4?
1
What is the value of -84 - -42 - (-6 - 23)?
-13
(0 - 1) + -3 + (-29 - -3) + 25
-5
Calculate 47 + -22 - 20 - (2 + (12 - -2)).
-11
Evaluate 1 + (15 + -28 - -5).
-7
What is the value of -2 + 25 + (-25 - -25) + -1 + -1?
21
Evaluate 11 - 23 - ((7 - 24) + 9).
-4
Evaluate 0 + -3 - ((53 - 46) + -5 + 0).
-5
22 + (-5 - 16) - (0 - -9)
-8
Evaluate 11 + (-14 - (-5 - -2)) - -19.
19
-6 + 1 - (30 + -17 + -11)
-7
0 + (-11 - (-2 + 1 + -26 + 0))
16
Calculate (-15 - -20) + 13 + -4 - -2.
16
Evaluate 16 - (-10 + 16) - (6 + -1).
5
Evaluate 3 + 9 + -10 - (-7 - -1).
8
What is -10 + -1 - (-31 - (30 - 46))?
4
What is the value of -6 + (13 - 17) - -4?
-6
Calculate -12 - -1 - (-21 + 3 - -20).
-13
Calculate (26 + -20 - 16) + 11 + 0.
1
-6 + 4 + -3 + 0 - (11 + -17)
1
Evaluate 11 - (0 + 2 - (26 + -12 - 6)).
17
Evaluate -6 + 1 - (2 - 1 - (-447 + 436)).
-17
Calculate -8 + 4 + -5 - -3 - (11 + -13).
-4
0 - 13 - (99 + -125)
13
What is the value of -12 + 12 + -2 - (-17 + -2)?
17
2 + 1 + (-10 - -5) + 5
3
10 + (-13 - -21 - (-11 - -11))
18
What is the value of -6 - ((4 + -1 + 2 - -16) + -2)?
-25
Calculate (6 - 6 - (27 + -21)) + (-1 - 2).
-9
What is -5 + 1 + 20 + 6 + -27 + -3?
-8
What is the value of (-4 - (9 - -3) - -19) + -25 + 0?
-22
Evaluate (22 - (-19 - -21)) + 5 + -6.
19
Calculate (-27 - -20) + (-5 - (5 + -5)).
-12
Calculate -2 - 14 - -25 - -7.
16
What is 69 + -73 - (-4 - (-3 - 0) - -3)?
-6
(2 - -2) + -1 + (-13 - -7) + 7
4
4 - (-11 + 17) - (-7 - (-6 + 2))
1
4 - 14 - (50 + -37)
-23
0 + -2 - (-12 - -12 - (8 - 3))
3
Calculate 89 + -64 + -5 + 1.
21
What is the value of (0 + -1 - (11 - 15)) + -10 + 2?
-5
What is the value of 7 + (12 - (10 + -5 - 2))?
16
Evaluate 0 + (-1 - -2) + (16 - (14 - 6)).
9
(-4 - (-6 - -15 - 18)) + -1 + -11
-7
Evaluate -2 + 3 + (32 - (-17 - -25)).
25
What is -6 + (-7 - -11) - (-5 + -3)?
6
What is 1 + -2 + (1 - 10) + -169 + 169?
-10
Calculate 27 - 27 - (25 - 3).
-22
Evaluate (-8 - (-23 + 27)) + -8.
-20
What is the value of (21 - 48) + (8 - -8)?
-11
Calculate -4 + (-2 - (18 - 22 - (5 - 1))).
2
7 + -15 + 12 + -5
-1
Calculate -10 - (6 - (15 + (1 - 11))).
-11
Calculate (15 - 8 - 2) + 0 + -1 + -16.
-12
Evaluate -1 + 3 - -2 - (-42 - -52 - -3).
-9
What is (12 + -17 - 7) + 7 - (6 + 0)?
-11
Calculate 9 + (0 - -2 - 17) + 10.
4
What is -1 - (2 + 1 + 34 + -40)?
2
What is (0 - -2) + 5 - -8?
15
Calculate (26 - 14) + (9 - 4 - 6).
11
3 - ((-18 - 5) + 11)
15
Calculate 0 - (-1 + -3) - (23 + -28 + 2).
7
Evaluate (0 - -10) + (1 - 9) + 3 + 9.
14
Calculate (-3 - (-10 - 6)) + (-2 + 0 - -5).
16
Calculate -2 + 6 + (17 - -1) + -33.
-11
What is the value of 1 - -1 - (4 - (1 + 14) - -33)?
-20
Evaluate 10 + -22 + 2 + -11.
-21
Evaluate -2 - (1 + (-5 - (-3 - (-3 + 1)))).
1
What is the value of (11 - (-4 + 6)) + -9 + 4?
4
Calculate 16 + -23 + (10 - -11) + -8.
6
-2 + 16 + -2 + -23
-11
What is -30 + 36 - ((7 + 4 - 2) + 0)?
-3
Evaluate 2 + (1 + (3 - -2) - -1).
9
What is the value of 1 - (-7 + -13 - 3 - -11)?
13
What is 14 + 7 + (7 - 2) + -7?
19
What is the value of -18 + -15 + 27 + -4 + 0 + -4?
-14
What is -8 - (-8 - (2 + (1 - -22))) - 5?
20
Evaluate 27 - 55 - -13 - (-1 - -4).
-18
0 - 0 - ((9 - 2) + 4 + -28)
17
What is the value of -2 + 0 + (53 - (5 - -52))?
-6
What is 155 - 168 - (-30 - 0) - 28?
-11
What is the value of -2 - 13 - (111 + -124)?
-2
What is the value of -16 - -23 - (-6 + -13)?
26
What is the value of (11 - (20 - 4)) + -6?
-11
(37 - 2) + (-8 - (5 + -2))
24
Evaluate -19 + (3 - 3) + (13 - 4).
-10
(-16 - 1) + (186 - 158)
11
What is -264 + 281 + (-33 - 1)?
-17
Evaluate 0 + -2 + (-12 - 2 - -2) + 3.
-11
Calculate 4 + (3 - -6 - 9).
4
27 - 29 - ((2 - 5) + 17)
-16
Calculate (11 - (27 - 9)) + (-1 - -12).
4
What is 1 + -12 + 9 - (2 + -30 + 3)?
23
What is the value of 13 + -5 + 5 + -18 - 5?
-10
Evaluate 21 + -13 + (18 - 23) + 26 + -1.
28
Calculate (-1 - 18 - (62 - 67)) + 6 - -9.
1
Calculate (18 - 5) + 4 - 12.
5
What is -2 - (-5 + 9) - -2 - 10 - -5?
-9
Evaluate (-12 - -4) + (10 - 7 - 8).
-13
Calculate -6 + -7 + 10 + (1 - 0) - -1.
-1
What is 5 - 9 - (5 + (12 - 22))?
1
9 + 19 - 17 - -7
18
420 + -440 + 2 + -7 + (0 - -1)
-24
Evaluate (-10 - (10 - (2 - 11))) + 6 + 2.
-21
Evaluate (-17 - (9 - 17)) + 1 + 3 - 3.
-8
What is -9 - 0 - (46 - (23 + 28))?
-4
What is -20 - (10 - (27 - 0))?
-3
13 + -15 + 1 + 1
0
Evaluate -7 + 5 + (-11 - 1 - -9).
-5
Evaluate 19 + -3 + -14 + 3 - 9.
-4
1 - (2 - -6) - (1 - 2)
-6
What is 39 - (-4 + 4) - 51?
-12
Calculate -1 - (2 - (-20 - -20)).
-3
What is the value of 112 + -115 - (0 + 3 + -14)?
8
What is (80 - 79) + (-2 - 2)?
-3
Evaluate 749 - 757 - ((2 - 2) + 8 + -1).
-15
Calculate (22 + -23 - (3 - -1) - 1) + 33.
27
25 + -57 + (-21 - -38)
-15
What is -2 + (-5 - -10) + -1 + 3 - 19?
-14
What is the value of -16 - (-14 + (12 - 14))?
0
What is -28 - (-7 + 1 + (1 - 2) - -9)?
-30
Calculate 8 + 4 + -9 - (-1 - -15).
-11
What is the value of (6 - (-14 + 17)) + -1 + -3 - -10?
9
What is -13 + 32 + -47 - -12?
-16
Calculate 7 + -5 - (53 - 77).
26
-65 + 58 + 1 + -1 + -5
-12
Calculate -12 - -8 - -19 - 13.
2
11 + -1 + -23 + (-41 - -51)
-3
What is the value of 124 - 114 - (17 - 0) - 0?
-7
-1 + 9 - 4 - 6
-2
What is the value of 38 - (-37 - -65) - (6 + 1 - -1)?
2
Calculate -138 - -99 - (-22 - 4).
-13
Evaluate -57 + -46 + 112 - (11 - 0).
-2
What is -6 + (6 + (3 - 6) - -13) + -1?
9
What is -7 + (13 - 10 - -5 - 11)?
-10
Calculate (-5 - 0) + -25 + 23 + 3.
-4
What is -22 - -17 - (-1 + -19)?
15
Calculate 0 + -4 + 3 - (8 - 2) - 0.
-7
What is -671 - -635 - (-41 - -1)?
4
Evaluate 15 + 9 + -10 + -4.
10
What is the value of -21 + (-1 - (-2 + -11))?
-9
Evaluate (-7 + 4 - -7) + (-9 - 4) + 4.
-5
Evaluate (-15 + 8 + -3 - (-1 - 5)) + 21.
17
Evaluate -44 + 12 + 5 - -14.
-13
What is 5 + 9 + -1 + -13?
0
-16 + -1 + -495 + 499
-13
What is the value of 2 + (-